{"id":1727,"date":"2023-09-21T10:26:26","date_gmt":"2023-09-21T13:26:26","guid":{"rendered":"http:\/\/dralivianazareth.com.br\/?page_id=1727"},"modified":"2023-09-23T09:35:01","modified_gmt":"2023-09-23T12:35:01","slug":"obrigado-pco_out23","status":"publish","type":"page","link":"https:\/\/dralivianazareth.com.br\/index.php\/obrigado-pco_out23\/","title":{"rendered":"Obrigado [PCO_Out23]"},"content":{"rendered":"\t\t<div data-elementor-type=\"wp-page\" data-elementor-id=\"1727\" class=\"elementor elementor-1727\" data-elementor-post-type=\"page\">\n\t\t\t\t\t\t<section class=\"elementor-section elementor-top-section elementor-element elementor-element-989ed7a elementor-section-boxed elementor-section-height-default elementor-section-height-default\" data-id=\"989ed7a\" data-element_type=\"section\">\n\t\t\t\t\t\t<div class=\"elementor-container elementor-column-gap-default\">\n\t\t\t\t\t<div class=\"elementor-column elementor-col-100 elementor-top-column elementor-element elementor-element-47da46f\" data-id=\"47da46f\" data-element_type=\"column\">\n\t\t\t<div class=\"elementor-widget-wrap elementor-element-populated\">\n\t\t\t\t\t\t<div class=\"elementor-element elementor-element-4d65433 elementor-widget elementor-widget-text-editor\" data-id=\"4d65433\" data-element_type=\"widget\" data-widget_type=\"text-editor.default\">\n\t\t\t\t<div class=\"elementor-widget-container\">\n\t\t\t<style>\/*! elementor - v3.19.0 - 07-02-2024 *\/\n.elementor-widget-text-editor.elementor-drop-cap-view-stacked .elementor-drop-cap{background-color:#69727d;color:#fff}.elementor-widget-text-editor.elementor-drop-cap-view-framed .elementor-drop-cap{color:#69727d;border:3px solid;background-color:transparent}.elementor-widget-text-editor:not(.elementor-drop-cap-view-default) .elementor-drop-cap{margin-top:8px}.elementor-widget-text-editor:not(.elementor-drop-cap-view-default) .elementor-drop-cap-letter{width:1em;height:1em}.elementor-widget-text-editor .elementor-drop-cap{float:left;text-align:center;line-height:1;font-size:50px}.elementor-widget-text-editor .elementor-drop-cap-letter{display:inline-block}<\/style>\t\t\t\t<p>PARAB\u00c9NS!<\/p>\t\t\t\t\t\t<\/div>\n\t\t\t\t<\/div>\n\t\t\t\t\t<\/div>\n\t\t<\/div>\n\t\t\t\t\t<\/div>\n\t\t<\/section>\n\t\t\t\t<section class=\"elementor-section elementor-top-section elementor-element elementor-element-9303906 elementor-section-boxed elementor-section-height-default elementor-section-height-default\" data-id=\"9303906\" data-element_type=\"section\">\n\t\t\t\t\t\t<div class=\"elementor-container elementor-column-gap-default\">\n\t\t\t\t\t<div class=\"elementor-column elementor-col-100 elementor-top-column elementor-element elementor-element-f1bea6c\" data-id=\"f1bea6c\" data-element_type=\"column\">\n\t\t\t<div class=\"elementor-widget-wrap elementor-element-populated\">\n\t\t\t\t\t\t<div class=\"elementor-element elementor-element-e01dec5 elementor-widget elementor-widget-image\" data-id=\"e01dec5\" data-element_type=\"widget\" data-widget_type=\"image.default\">\n\t\t\t\t<div class=\"elementor-widget-container\">\n\t\t\t<style>\/*! elementor - v3.19.0 - 07-02-2024 *\/\n.elementor-widget-image{text-align:center}.elementor-widget-image a{display:inline-block}.elementor-widget-image a img[src$=\".svg\"]{width:48px}.elementor-widget-image img{vertical-align:middle;display:inline-block}<\/style>\t\t\t\t\t\t\t\t\t\t<img fetchpriority=\"high\" decoding=\"async\" width=\"576\" height=\"1024\" src=\"https:\/\/dralivianazareth.com.br\/wp-content\/uploads\/2023\/09\/Voce-quer-aprender-a-profissionalizar-suas-redes-sociais-para-se-posicionar-estrategicamente-e-ser-autoridade-na-odontopediatria-14-576x1024.png\" class=\"attachment-large size-large wp-image-1765\" alt=\"\" srcset=\"https:\/\/dralivianazareth.com.br\/wp-content\/uploads\/2023\/09\/Voce-quer-aprender-a-profissionalizar-suas-redes-sociais-para-se-posicionar-estrategicamente-e-ser-autoridade-na-odontopediatria-14-576x1024.png 576w, https:\/\/dralivianazareth.com.br\/wp-content\/uploads\/2023\/09\/Voce-quer-aprender-a-profissionalizar-suas-redes-sociais-para-se-posicionar-estrategicamente-e-ser-autoridade-na-odontopediatria-14-169x300.png 169w, https:\/\/dralivianazareth.com.br\/wp-content\/uploads\/2023\/09\/Voce-quer-aprender-a-profissionalizar-suas-redes-sociais-para-se-posicionar-estrategicamente-e-ser-autoridade-na-odontopediatria-14-768x1365.png 768w, https:\/\/dralivianazareth.com.br\/wp-content\/uploads\/2023\/09\/Voce-quer-aprender-a-profissionalizar-suas-redes-sociais-para-se-posicionar-estrategicamente-e-ser-autoridade-na-odontopediatria-14-864x1536.png 864w, https:\/\/dralivianazareth.com.br\/wp-content\/uploads\/2023\/09\/Voce-quer-aprender-a-profissionalizar-suas-redes-sociais-para-se-posicionar-estrategicamente-e-ser-autoridade-na-odontopediatria-14.png 1080w\" sizes=\"(max-width: 576px) 100vw, 576px\" \/>\t\t\t\t\t\t\t\t\t\t\t\t\t<\/div>\n\t\t\t\t<\/div>\n\t\t\t\t\t<\/div>\n\t\t<\/div>\n\t\t\t\t\t<\/div>\n\t\t<\/section>\n\t\t\t\t<section class=\"elementor-section elementor-top-section elementor-element elementor-element-9a5ff43 elementor-section-boxed elementor-section-height-default elementor-section-height-default\" data-id=\"9a5ff43\" data-element_type=\"section\">\n\t\t\t\t\t\t<div class=\"elementor-container elementor-column-gap-default\">\n\t\t\t\t\t<div class=\"elementor-column elementor-col-100 elementor-top-column elementor-element elementor-element-a1030e5\" data-id=\"a1030e5\" data-element_type=\"column\">\n\t\t\t<div class=\"elementor-widget-wrap elementor-element-populated\">\n\t\t\t\t\t\t<div class=\"elementor-element elementor-element-021efc3 elementor-widget elementor-widget-text-editor\" data-id=\"021efc3\" data-element_type=\"widget\" data-widget_type=\"text-editor.default\">\n\t\t\t\t<div class=\"elementor-widget-container\">\n\t\t\t\t\t\t\t<p>Agora<strong> s\u00f3 falta mais um passo<\/strong> para concluir seu cadastro&#8230;<\/p>\t\t\t\t\t\t<\/div>\n\t\t\t\t<\/div>\n\t\t\t\t\t<\/div>\n\t\t<\/div>\n\t\t\t\t\t<\/div>\n\t\t<\/section>\n\t\t\t\t<section class=\"elementor-section elementor-top-section elementor-element elementor-element-436d54b elementor-section-boxed elementor-section-height-default elementor-section-height-default\" data-id=\"436d54b\" data-element_type=\"section\">\n\t\t\t\t\t\t<div class=\"elementor-container elementor-column-gap-default\">\n\t\t\t\t\t<div class=\"elementor-column elementor-col-100 elementor-top-column elementor-element elementor-element-c87b178\" data-id=\"c87b178\" data-element_type=\"column\">\n\t\t\t<div class=\"elementor-widget-wrap elementor-element-populated\">\n\t\t\t\t\t\t<div class=\"elementor-element elementor-element-1a639b5 elementor-widget elementor-widget-text-editor\" data-id=\"1a639b5\" data-element_type=\"widget\" data-widget_type=\"text-editor.default\">\n\t\t\t\t<div class=\"elementor-widget-container\">\n\t\t\t\t\t\t\t<p>Entre agora para o <em><strong>grupo VIP<\/strong> <\/em>no WhatsApp para ter acesso \u00e0 <strong>todas as informa\u00e7\u00f5es<\/strong> do evento:<\/p>\t\t\t\t\t\t<\/div>\n\t\t\t\t<\/div>\n\t\t\t\t\t<\/div>\n\t\t<\/div>\n\t\t\t\t\t<\/div>\n\t\t<\/section>\n\t\t\t\t<section class=\"elementor-section elementor-top-section elementor-element elementor-element-c1ef62f elementor-section-boxed elementor-section-height-default elementor-section-height-default\" data-id=\"c1ef62f\" data-element_type=\"section\">\n\t\t\t\t\t\t<div class=\"elementor-container elementor-column-gap-default\">\n\t\t\t\t\t<div class=\"elementor-column elementor-col-100 elementor-top-column elementor-element elementor-element-71cde36\" data-id=\"71cde36\" data-element_type=\"column\">\n\t\t\t<div class=\"elementor-widget-wrap elementor-element-populated\">\n\t\t\t\t\t\t<div class=\"elementor-element elementor-element-4e4b961 elementor-align-center elementor-widget elementor-widget-button\" data-id=\"4e4b961\" data-element_type=\"widget\" data-widget_type=\"button.default\">\n\t\t\t\t<div class=\"elementor-widget-container\">\n\t\t\t\t\t<div class=\"elementor-button-wrapper\">\n\t\t\t<a class=\"elementor-button elementor-button-link elementor-size-sm\" href=\"https:\/\/chat.whatsapp.com\/LkDocO8sBsU9Ea7AGatd0a\">\n\t\t\t\t\t\t<span class=\"elementor-button-content-wrapper\">\n\t\t\t\t\t\t<span class=\"elementor-button-icon elementor-align-icon-left\">\n\t\t\t\t<i aria-hidden=\"true\" class=\"fab fa-whatsapp\"><\/i>\t\t\t<\/span>\n\t\t\t\t\t\t<span class=\"elementor-button-text\">Clique aqui para entrar no Grupo Exclusivo<\/span>\n\t\t<\/span>\n\t\t\t\t\t<\/a>\n\t\t<\/div>\n\t\t\t\t<\/div>\n\t\t\t\t<\/div>\n\t\t\t\t<div class=\"elementor-element elementor-element-93b5505 elementor-widget elementor-widget-image\" data-id=\"93b5505\" data-element_type=\"widget\" data-widget_type=\"image.default\">\n\t\t\t\t<div class=\"elementor-widget-container\">\n\t\t\t\t\t\t\t\t\t\t\t\t\t<img decoding=\"async\" width=\"500\" height=\"500\" src=\"https:\/\/dralivianazareth.com.br\/wp-content\/uploads\/2023\/09\/Logos-grupo-Whats-3.png\" class=\"attachment-large size-large wp-image-1764\" alt=\"\" srcset=\"https:\/\/dralivianazareth.com.br\/wp-content\/uploads\/2023\/09\/Logos-grupo-Whats-3.png 500w, https:\/\/dralivianazareth.com.br\/wp-content\/uploads\/2023\/09\/Logos-grupo-Whats-3-300x300.png 300w, https:\/\/dralivianazareth.com.br\/wp-content\/uploads\/2023\/09\/Logos-grupo-Whats-3-150x150.png 150w\" sizes=\"(max-width: 500px) 100vw, 500px\" \/>\t\t\t\t\t\t\t\t\t\t\t\t\t<\/div>\n\t\t\t\t<\/div>\n\t\t\t\t\t<\/div>\n\t\t<\/div>\n\t\t\t\t\t<\/div>\n\t\t<\/section>\n\t\t\t\t<section class=\"elementor-section elementor-top-section elementor-element elementor-element-6806c2f elementor-section-boxed elementor-section-height-default elementor-section-height-default\" data-id=\"6806c2f\" data-element_type=\"section\">\n\t\t\t\t\t\t<div class=\"elementor-container elementor-column-gap-default\">\n\t\t\t\t\t<div class=\"elementor-column elementor-col-100 elementor-top-column elementor-element elementor-element-92ecef3\" data-id=\"92ecef3\" data-element_type=\"column\">\n\t\t\t<div class=\"elementor-widget-wrap\">\n\t\t\t\t\t\t\t<\/div>\n\t\t<\/div>\n\t\t\t\t\t<\/div>\n\t\t<\/section>\n\t\t\t\t<section class=\"elementor-section elementor-top-section elementor-element elementor-element-57159dc elementor-section-boxed elementor-section-height-default elementor-section-height-default\" data-id=\"57159dc\" data-element_type=\"section\">\n\t\t\t\t\t\t<div class=\"elementor-container elementor-column-gap-default\">\n\t\t\t\t\t<div class=\"elementor-column elementor-col-100 elementor-top-column elementor-element elementor-element-9442f2d\" data-id=\"9442f2d\" data-element_type=\"column\">\n\t\t\t<div class=\"elementor-widget-wrap elementor-element-populated\">\n\t\t\t\t\t\t<div class=\"elementor-element elementor-element-531e5b7 elementor-widget elementor-widget-text-editor\" data-id=\"531e5b7\" data-element_type=\"widget\" data-widget_type=\"text-editor.default\">\n\t\t\t\t<div class=\"elementor-widget-container\">\n\t\t\t\t\t\t\t<h4><em><strong>Te encontro l\u00e1!<\/strong><\/em><\/h4>\t\t\t\t\t\t<\/div>\n\t\t\t\t<\/div>\n\t\t\t\t\t<\/div>\n\t\t<\/div>\n\t\t\t\t\t<\/div>\n\t\t<\/section>\n\t\t\t\t<\/div>\n\t\t","protected":false},"excerpt":{"rendered":"<p>PARAB\u00c9NS! Agora s\u00f3 falta mais um passo para concluir seu cadastro&#8230; Entre agora para o grupo VIP no WhatsApp para ter acesso \u00e0 todas as informa\u00e7\u00f5es do evento: Clique aqui para entrar no Grupo Exclusivo Te encontro l\u00e1!<\/p>\n","protected":false},"author":1,"featured_media":0,"parent":0,"menu_order":0,"comment_status":"closed","ping_status":"closed","template":"elementor_canvas","meta":{"footnotes":""},"_links":{"self":[{"href":"https:\/\/dralivianazareth.com.br\/index.php\/wp-json\/wp\/v2\/pages\/1727"}],"collection":[{"href":"https:\/\/dralivianazareth.com.br\/index.php\/wp-json\/wp\/v2\/pages"}],"about":[{"href":"https:\/\/dralivianazareth.com.br\/index.php\/wp-json\/wp\/v2\/types\/page"}],"author":[{"embeddable":true,"href":"https:\/\/dralivianazareth.com.br\/index.php\/wp-json\/wp\/v2\/users\/1"}],"replies":[{"embeddable":true,"href":"https:\/\/dralivianazareth.com.br\/index.php\/wp-json\/wp\/v2\/comments?post=1727"}],"version-history":[{"count":18,"href":"https:\/\/dralivianazareth.com.br\/index.php\/wp-json\/wp\/v2\/pages\/1727\/revisions"}],"predecessor-version":[{"id":1830,"href":"https:\/\/dralivianazareth.com.br\/index.php\/wp-json\/wp\/v2\/pages\/1727\/revisions\/1830"}],"wp:attachment":[{"href":"https:\/\/dralivianazareth.com.br\/index.php\/wp-json\/wp\/v2\/media?parent=1727"}],"curies":[{"name":"wp","href":"https:\/\/api.w.org\/{rel}","templated":true}]}}